he highest common divisor of f and 465?
15
Let s = 2678 + -2498. What is the greatest common divisor of 7470 and s?
90
Let v = -9 + 24. Suppose -4*j = -7*j + v, 4*h = -3*j - 21. Let g be (1 - 298/(-3)) + 3/h. Calculate the greatest common factor of g and 40.
20
Suppose -15*l + 5753 = -127. Suppose 2644 + l = 6*s. What is the greatest common divisor of s and 22?
22
Suppose -33*m = 282 - 4044. What is the greatest common factor of 57 and m?
57
Let y(d) = -98 + 26730*d - 38*d**2 - d**3 + 2*d**3 - 26689*d. Let a be y(37). Calculate the greatest common divisor of 110 and a.
10
Let k = 10 + 68. Suppose -5*a = 5*x - 260, -21*x - 2*a + 208 = -17*x. What is the greatest common factor of x and k?
26
Suppose 0 = -3*f + 7*f - 4*c - 256, -2*c = 4*f - 304. Calculate the highest common divisor of 632 and f.
8
Let a(m) = 5*m**3 + 5*m - 4. Let d be a(1). Let h be 80/d*(-5508)/(-270). What is the greatest common factor of h and 16?
16
Suppose 34*m - 2947 = -2675. Suppose -3*j + 793 = f, 5*j - 719 = -4*f + 605. Suppose -5*v + j + 176 = 0. Calculate the greatest common divisor of m and v.
8
Let b be (1 - (-77)/49)/((1/1)/3913). Calculate the greatest common factor of 172 and b.
86
Let a = -43 + 48. Suppose -2*v - a*j + 59 = 0, -v + 3*j + 19 + 5 = 0. Suppose -2*s + 9 = s. Calculate the greatest common factor of v and s.
3
Let u(w) = 3*w**2 + 8*w + 10. Let y be (-9)/(-5) + -2 + (-480)/100. Let i be u(y). Suppose 18 = 3*o - i. What is the greatest common factor of 126 and o?
21
Let u(t) = -t**3 + 5*t**2 - 3*t - 1. Suppose -4*y - 2 = -178. Suppose 4 = -10*z + y. Let p be u(z). Calculate the highest common factor of 39 and p.
3
Let t(x) = x**3 + 25*x**2 + 42*x - 7. Let n be t(-23). Let l = -62 + 96. What is the highest common factor of n and l?
17
Let w be (-118)/236 + -5*1/(-2). Suppose -n + 5*q + 26 = 0, w*n - 5*q - 108 = -9*q. Calculate the highest common divisor of n and 230.
46
Suppose u + 3*d - 164 = 0, 4*d = 4*u + 2*d - 656. Let b = u + -121. What is the highest common factor of 43 and b?
43
Suppose 3*q = -2*c + 88, 150 = -11*q + c + 556. Let r(t) = 17*t + 3. Let w be r(3). Calculate the greatest common divisor of q and w.
18
Let f be (-7 + 935/119)/(2/(4*35)). Calculate the highest common divisor of f and 2595.
15
Let s be 225/105*(-210)/(-25). What is the greatest common factor of s and 45?
9
Let z(w) = 4*w**3 + 17*w**2 + 27*w + 62. Let h be z(-26). Let u be (-2)/9 - 0 - h/801. Calculate the greatest common divisor of u and 185.
37
Let a = -7847 - -8123. What is the greatest common divisor of 36 and a?
12
Suppose -5*v = -2*v - 15. Suppose -4*a + l = -2*a - 191, v*a - 474 = -l. Let f = -31789 - -31827. Calculate the highest common factor of f and a.
19
Let z(w) be the first derivative of 9*w + 5/2*w**2 + 1/4*w**4 + 28 - w**3. Let g be z(5). What is the highest common divisor of 14 and g?
14
Suppose -19*t = -25*t + 2394. Let h = t - 396. Calculate the highest common factor of h and 7.
1
Let k(q) = q - 125. Let n(i) = -2*i + 124. Let u(x) = -5*k(x) - 4*n(x). Let l be u(-18). Calculate the greatest common factor of 9 and l.
3
Suppose 4*r + 20 = c, 12 = -3*r - 0*r. Let z = c + 44. Let h be ((-768)/(-36) + -21)*144. Calculate the highest common divisor of h and z.
48
Suppose 3*f + 3*a = 16386, -f + 4*a = -2549 - 2908. Calculate the greatest common divisor of 508 and f.
127
Suppose 819 = 2*v + v. Suppose -75*r = -78*r - 4*o + 94, -o + 202 = 5*r. What is the greatest common divisor of v and r?
21
Let z(p) = 14*p**2 + 13*p - 78. Let w be z(4). Calculate the highest common divisor of 3366 and w.
198
Suppose -38*r - 504 = -74*r. Calculate the greatest common factor of r and 10402.
14
Let z(n) = n + 8. Let d be z(-6). Let q = -38985 + 38987. Calculate the highest common factor of q and d.
2
Suppose -5*i - 2 = 2*q - 37, q - i = 35. What is the greatest common factor of 7680 and q?
30
Suppose 0 = -37*j + 45792 + 45783. Calculate the highest common factor of 60 and j.
15
Let z(t) = -7*t + 887. Let o be z(-64). Calculate the highest common factor of 135 and o.
15
Let x = -46 + 109. Suppose 4*c = -2*f + 344, c + 2 - 90 = -f. Calculate the greatest common factor of x and c.
21
Suppose 182 = 19*r + 106. Let l be (-1*3)/(24/(-80)). Calculate the greatest common factor of l and r.
2
Let i = -9045 - -9072. What is the greatest common factor of i and 864?
27
Let u be 11/((-110)/(-45)) - 2/4. Suppose 0 = -u*h, -9 - 54 = -3*g + 5*h. Calculate the greatest common factor of g and 525.
21
Let d = 25 - 9. Let k(u) = d*u**2 + u + 2 + 4*u - 2*u. Let c be k(-2). What is the highest common factor of c and 24?
12
Let p(n) = 2*n**2 + 262*n + 24. Let v be p(-131). Let c be (0 + 78)*4 - 0. What is the greatest common factor of v and c?
24
Let s be 10/6*(-1 - -4) + -2. Suppose 0 = -4*w + 3*x + 63, -s*x - 75 = -7*w + 2*w. Let q be 3 + 3 + (-3 - -3). What is the highest common divisor of q and w?
6
Let s(i) = 12*i**2 + 500*i - 1496. Let y be s(3). Let p be 5 + 0 + -3 - -30. What is the greatest common divisor of y and p?
16
Suppose -4*t = 15*t - 76. Suppose 0*c - t*z = 4*c - 376, 3*c - z - 302 = 0. What is the highest common factor of 11 and c?
11
Suppose 3*m = 3 - 6. Let f = -84 - m. Let k = f + 407. What is the highest common factor of 36 and k?
36
Let x = -202 + 206. Suppose -3*d + 8*o = 3*o - 94, 4*d - x*o - 128 = 0. Calculate the greatest common factor of 165 and d.
33
Let g be (-1128)/(-21) + ((-15)/21 - -1). Let i be (-1)/(3*1/(-1773)) + 3. What is the highest common factor of i and g?
54
Let f(d) = 3*d - 2. Let c(a) = -48*a - 9. Let h(t) = -c(t) - 18*f(t). Let p be h(6). What is the greatest common factor of 225 and p?
9
Suppose -5*c = -68 - 337. Let b = c - -45. Let z = -187 + 205. What is the greatest common divisor of z and b?
18
Let c = -355 + 620. Let m(z) = -3*z - 20. Let r be m(-8). Suppose -r*y = 3*n - 6*n - 418, -2*y = -2*n - 208. Calculate the highest common factor of c and y.
53
Let t = -9558 + 9640. What is the highest common divisor of 4223 and t?
41
Let s be 40/24*-3 + -33*4/(-12). Calculate the highest common divisor of 384 and s.
6
Let n be 220/18 + (-4)/18. Let k = -28576 - -28654. What is the greatest common factor of n and k?
6
Suppose 39*n + 2869 = 3493. Calculate the highest common factor of n and 514.
2
Let h = -253416 - -253451. Suppose 3*a = 5*v - 285, 0 = -2*v - 4*a - a + 145. What is the greatest common divisor of h and v?
5
Let t be -19*(-8 + (-1 - -8)). Suppose 0 = 2*l + 2*z - 732, -5*l + 447 + 1363 = z. Calculate the greatest common divisor of l and t.
19
Suppose 7*r - 3*r = 3*j + 1624, 0 = r + j - 406. Calculate the highest common factor of r and 4.
2
Suppose -m - 12*j = -10*j + 518, 0 = -2*m - 3*j - 1039. Let c be m/(-22) + (-8)/(-44). Calculate the highest common divisor of c and 3.
3
Suppose 2828 = 84*l + 56. Calculate the greatest common divisor of 253 and l.
11
Suppose n = -0*n - 3*r + 890, 2*r = -6. Suppose -19 = 8*k - n. Let l = 66 + k. Calculate the highest common factor of 16 and l.
16
Let n = 370 + -214. Let b be (-4)/28 + (1 - (-204)/15)/((-511)/(-1825)). Calculate the highest common factor of n and b.
52
Let g(z) = -2*z**2 - 35*z - 109. Let m be g(-13). Let c be 786/12 - m/(-16). Calculate the highest common divisor of c and 99.
33
Let c(o) = 3*o**2 - 13*o + 136. Let w be c(13). Let h = w + -422. Calculate the highest common divisor of h and 117.
13
Let j be 2 + -2 - (51 - 0)*-2. What is the highest common divisor of j and 2278?
34
Let n(p) = p**2 + 20*p - 109. Let z be n(-27). Suppose 5*u - 70 = z. Calculate the greatest common factor of u and 70.
10
Suppose 213*g = 842002 - 89260. Calculate the greatest common factor of 114 and g.
114
Suppose -13*w + 64*w - 1224 = 0. Let a = -439 - -631. What is the greatest common divisor of w and a?
24
Suppose -2*z = 3*w - 8204, -5*w = -6*w + z + 2743. Suppose -w = -5*h + 4*d, -h - d = -0*d - 553. What is the highest common divisor of h and 22?
22
Let a = -9 + -1. Let q be (-60)/18*228/a. Let m be (q/14 - 2)/((-8)/(-28)). What is the greatest common divisor of 36 and m?
12
Suppose 5*q - 2*r = 2*q + 137, -3*r = 5*q - 222. Let n = 97 - q. Suppose n - 448 = -3*j. Calculate the greatest common factor of j and 12.
12
Let x(v) = -4*v + 6. Let t be x(-5). Let y = -331 + 327. Let k be 1430/y*(0 + 12/(-15)). Calcula